
9796
In base 5, what is -32443301 + 1?
-32443300
In base 10, what is 3340 + 153?
3493
In base 8, what is -25 + -45766?
-46013
In base 2, what is 101 + 10010011111010111111?
10010011111011000100
In base 7, what is 343611 - -20?
343631
In base 2, what is -10101000100001000 + -11?
-10101000100001011
In base 16, what is 10 + -8064?
-8054
In base 7, what is -1 - 204201?
-204202
In base 2, what is 10010 - -10101111001001?
10101111011011
In base 16, what is b621c - -6?
b6222
In base 2, what is 1111010 - 111111111011100?
-111111101100010
In base 9, what is -2 + 213877?
213875
In base 3, what is 12200021012 + 0?
12200021012
In base 2, what is -100010001001000 - 0?
-100010001001000
In base 12, what is -791 + -13?
-7a4
In base 4, what is 10313 + -12?
10301
In base 11, what is 1 - 31241?
-31240
In base 10, what is 78 - -55287?
55365
In base 6, what is 30300323 - -3?
30300330
In base 6, what is -5 + -113345?
-113354
In base 13, what is 2173a - -7?
21744
In base 4, what is -12 + -103221?
-103233
In base 3, what is 11 - 201011211?
-201011200
In base 5, what is 112242 + 234?
113031
In base 16, what is -5 - -8d6?
8d1
In base 2, what is 11101100110011 - 1001100?
11101011100111
In base 7, what is 2 - 41560?
-41555
In base 11, what is 586 - 35?
551
In base 2, what is 0 + 1010011110001101?
1010011110001101
In base 13, what is a4 + -b51?
-a7a
In base 6, what is -11 - 5334?
-5345
In base 12, what is 1 - 66436?
-66435
In base 10, what is 143305 + -3?
143302
In base 16, what is 4ce - -11?
4df
In base 5, what is -134123 + 23?
-134100
In base 10, what is -12 - 149?
-161
In base 2, what is 10 + -100111101110101?
-100111101110011
In base 14, what is -627 - 3c9?
-a12
In base 13, what is 3 + -198a1?
-1989b
In base 10, what is -14 + 93428?
93414
In base 15, what is 8da - 239?
6a1
In base 2, what is -1 - 100110001111011101?
-100110001111011110
In base 16, what is d + 3abd?
3aca
In base 12, what is -2923 - 7?
-292a
In base 15, what is -3 + -138624?
-138627
In base 7, what is 406 - -113?
522
In base 14, what is 13 + -4bcd7?
-4bcc4
In base 10, what is 4 + -75389?
-75385
In base 11, what is -230 + -a87?
-1207
In base 2, what is 110110111111 + -1001?
110110110110
In base 7, what is -1226 - -2?
-1224
In base 4, what is 212022 + -133?
211223
In base 11, what is 3209 - -364?
3572
In base 8, what is 11674 - -11?
11705
In base 15, what is -2 + -c8b33?
-c8b35
In base 12, what is -7b52 - -10?
-7b42
In base 16, what is -3af0 - -6?
-3aea
In base 7, what is 166113 - -14?
166130
In base 5, what is 20034 + -10?
20024
In base 13, what is -1c073 - 3?
-1c076
In base 6, what is 50 + 224?
314
In base 11, what is 4 + -12442?
-12439
In base 4, what is 3033012 + 0?
3033012
In base 10, what is 134 + -1140?
-1006
In base 6, what is -3 - -22440113?
22440110
In base 6, what is -1 - -113341?
113340
In base 10, what is 530854 - -2?
530856
In base 7, what is 5104554 - -2?
5104556
In base 15, what is -2a2 - -133?
-16e
In base 10, what is 16036 + -10?
16026
In base 16, what is -1e + -1568?
-1586
In base 9, what is -11 + -425?
-436
In base 5, what is -244114 + 4?
-244110
In base 7, what is -141626 - 10?
-141636
In base 15, what is 437a + 4?
437e
In base 8, what is 362 + 31775?
32357
In base 7, what is 641006 - -1?
641010
In base 8, what is -146 - -2062?
1714
In base 4, what is -1120 + -1113011?
-1120131
In base 16, what is -1 + -3450?
-3451
In base 7, what is 4 + -3404?
-3400
In base 11, what is -91 + 285?
1a4
In base 15, what is 367 + 34?
39b
In base 9, what is 6411 + 3?
6414
In base 2, what is 100 + -100110011101110?
-100110011101010
In base 12, what is a6 - 7598?
-74b2
In base 4, what is -1011313113 - 2?
-1011313121
In base 11, what is -9 - -124295?
124287
In base 3, what is -121122111 - 10?
-121122121
In base 9, what is 1 + -762807?
-762806
In base 10, what is 148795 - -7?
148802
In base 4, what is 1201 + -11223?
-10022
In base 3, what is -101111 + 110021?
1210
In base 10, what is 48 - 6647?
-6599
In base 11, what is 144219 + -2?
144217
In base 16, what is 677da - 5?
677d5
In base 7, what is -1442 - 250?
-2022
In base 4, what is 10023 + -211?
3212
In base 5, what is 0 - -2301?
2301
In base 2, what is 101 - -1010010100101010?
1010010100101111
In base 8, what is -27 + -5374?
-5423
In base 12, what is 50a43 - 3?
50a40
In base 14, what is 4 - -58c5?
58c9
In base 14, what is 2cb29 - 1?
2cb28
In base 14, what is 15b3 - -2?
15b5
In base 2, what is 1110 - 1000111100?
-1000101110
In base 8, what is 54014 - 46?
53746
In base 6, what is 311 - 2110?
-1355
In base 10, what is 212295 - 2?
212293
In base 7, what is 0 - -1012362?
1012362
In base 8, what is 31 + 357?
410
In base 16, what is -1411 - -b?
-1406
In base 11, what is -92 - -28?
-65
In base 14, what is -367 - 9?
-372
In base 4, what is 10020021 + 3202?
10023223
In base 7, what is 10 - 124630?
-124620
In base 11, what is 56 + 7538?
7593
In base 6, what is -403430 - 4?
-403434
In base 10, what is -9066 + 24?
-9042
In base 6, what is -55 + 1534?
1435
In base 15, what is -8b + -1491?
-152c
In base 14, what is 1c + 8253?
8271
In base 10, what is -3 + 1605?
1602
In base 7, what is 4 - -6025?
6032
In base 4, what is -11021 - -10031?
-330
In base 12, what is -5 + 3999?
3994
In base 10, what is -1 - -337908?
337907
In base 3, what is -2010021 + 101201?
-1201120
In base 2, what is -1100111010011011000 - 11?
-1100111010011011011
In base 12, what is -1 - 53b0?
-53b1
In base 13, what is -65 - 4a27?
-4a8c
In base 8, what is -12 + 3365?
3353
In base 12, what is -12 + 188b7?
188a5
In base 16, what is -8f3da - -5?
-8f3d5
In base 15, what is b8d - 5?
b88
In base 7, what is 210 - -2055?
2265
In base 8, what is -614317 + 1?
-614316
In base 12, what is -6 + -151b?
-1525
In base 5, what is -2 - 110131?
-110133
In base 16, what is -d5af + -6?
-d5b5
In base 9, what is 8685870 - -4?
8685874
In base 12, what is 12 + 27bb8?
2800a
In base 7, what is -10624 - 162?
-11116
In base 2, what is 111 + 1000000110000111?
1000000110001110
In base 11, what is -170a8 + -4?
-17101
In base 15, what is -e2a + 2?
-e28
In base 7, what is -36456 - -4?
-36452
In base 13, what is 8322c + 5?
83234
In base 12, what is -16 + 121?
107
In base 10, what is -2331 + -414?
-2745
In base 5, what is 1431313 - -1?
1431314
In base 15, what is 5b97 + -3?
5b94
In base 6, what is -111 + 323144?
323033
In base 4, what is 303020 + 1102?
310122
In base 8, what is 321 - 40?
261
In base 15, what is 9482a - 2?
94828
In base 10, what is -28 - -28768?
28740
In base 14, what is -259 - 105?
-360
In base 4, what is 13323 - -10003?
23332
In base 4, what is 222 - -31301312?
31302200
In base 8, what is -34663 - 0?
-34663
In base 14, what is 17 - 56?
-3d
In base 14, what is -4 - 19db4?
-19db8
In base 7, what is 1044 + 4232?
5306
In base 6, what is 111443 + -11?
111432
In base 15, what is 1 + 92b8?
92b9
In base 3, what is 212200 - 11022?
201101
In base 11, what is -2a + 5572?
5543
In base 10, what is 2 - -170801?
170803
In base 2, what is 1000101011010 - 1001?
1000101010001
In base 14, what is -2 + 1b33?
1b31
In base 4, what is -1 + -10001200?
-10001201
In base 7, what is -24063 - 6?
-24102
In base 11, what is -2a603 + -3?
-2a606
In base 2, what is -10 + 101000010101001?
101000010100111
In base 16, what is -1e + 51f3?
51d5
In base 7, what is 13 - 255523?
-255510
In base 12, what is -3 - -807?
804
In base 7, what is 335 + 11412?
12050
In base 3, what is -121202021 + 10?
-121202011
In base 16, what is ff84 + -2?
ff82
In base 3, what is 2 - -221212021?
221212100
In base 8, what is -41142 - 222?
-41364
In base 16, what is -1 + d210?
d20f
In base 7, what is -2 + -531610?
-531612
In base 13, what is 3 - 12?
-c
In base 8, what is -23452 - -1?
-23451
In base 16, what is 0 - bec?
-bec
In base 8, what is 1022237 - -1?
1022240
In base 2, what is -1100111 + -11110100101011?
-11110110010010
In base 12, what is 2197a - 3?
21977
In base 12, what is 2 + 27716?
27718
In base 14, what is -2 - -4a32?
4a30
In base 5, what is -1313 + 24431?
23113
In base 16, what is -33d1 - 16?
-33e7
In base 8, what is 430671 - 5?
430664
In base 5, what is -1 - 1100403?
-1100404
In base 3, what is -11222212 + 212?
-11222000
In base 7, what is -2 + -163646?
-163651
In base 11, what is a - -356?
365
In base 3, what is -11 + 1001012220?
1001012202
In base 12, what is -8a9 + -